 thousands digit of 2261505?
1
What is the hundreds digit of 11555?
5
What is the thousands digit of 11253979?
3
What is the hundred thousands digit of 248391?
2
What is the thousands digit of 207882?
7
What is the thousands digit of 9857797?
7
What is the tens digit of 164668?
6
What is the ten thousands digit of 17563674?
6
What is the hundreds digit of 77866?
8
What is the units digit of 1233288?
8
What is the tens digit of 7056936?
3
What is the ten thousands digit of 354196?
5
What is the ten thousands digit of 5539651?
3
What is the ten thousands digit of 1203082?
0
What is the ten thousands digit of 627092?
2
What is the thousands digit of 16022379?
2
What is the units digit of 92528?
8
What is the hundreds digit of 4942247?
2
What is the millions digit of 6369210?
6
What is the thousands digit of 16577873?
7
What is the units digit of 1081041?
1
What is the hundreds digit of 40384?
3
What is the hundred thousands digit of 448038?
4
What is the ten thousands digit of 557179?
5
What is the hundreds digit of 1561185?
1
What is the ten millions digit of 31622174?
3
What is the tens digit of 1941196?
9
What is the ten thousands digit of 341119?
4
What is the ten thousands digit of 22368815?
6
What is the hundreds digit of 2795417?
4
What is the tens digit of 290946?
4
What is the tens digit of 1405321?
2
What is the thousands digit of 715177?
5
What is the hundred thousands digit of 26757221?
7
What is the units digit of 8198652?
2
What is the hundreds digit of 801326?
3
What is the tens digit of 552245?
4
What is the hundred thousands digit of 207056?
2
What is the thousands digit of 18048243?
8
What is the tens digit of 9248581?
8
What is the ten millions digit of 17637764?
1
What is the ten thousands digit of 1452972?
5
What is the units digit of 5850?
0
What is the hundreds digit of 598315?
3
What is the thousands digit of 56113?
6
What is the units digit of 17181?
1
What is the hundreds digit of 414388?
3
What is the ten thousands digit of 2783640?
8
What is the ten thousands digit of 498152?
9
What is the hundred thousands digit of 327078?
3
What is the tens digit of 1148123?
2
What is the tens digit of 511453?
5
What is the thousands digit of 367131?
7
What is the units digit of 2442530?
0
What is the tens digit of 9276443?
4
What is the units digit of 684620?
0
What is the millions digit of 4298102?
4
What is the hundreds digit of 198764?
7
What is the hundred thousands digit of 10161465?
1
What is the hundred thousands digit of 214591?
2
What is the hundred thousands digit of 5148608?
1
What is the ten thousands digit of 37645?
3
What is the thousands digit of 10923052?
3
What is the tens digit of 504818?
1
What is the tens digit of 7066823?
2
What is the ten thousands digit of 2078305?
7
What is the hundreds digit of 38172163?
1
What is the ten thousands digit of 1031364?
3
What is the tens digit of 17957?
5
What is the ten thousands digit of 1594901?
9
What is the thousands digit of 511974?
1
What is the tens digit of 293150?
5
What is the hundreds digit of 53981?
9
What is the millions digit of 4217926?
4
What is the units digit of 6300944?
4
What is the units digit of 8295120?
0
What is the thousands digit of 40754?
0
What is the hundreds digit of 265065?
0
What is the hundred thousands digit of 220554?
2
What is the hundred thousands digit of 573707?
5
What is the hundreds digit of 817846?
8
What is the hundred thousands digit of 552524?
5
What is the tens digit of 425021?
2
What is the units digit of 290595?
5
What is the hundred thousands digit of 19911697?
9
What is the hundreds digit of 2736043?
0
What is the tens digit of 184128?
2
What is the hundreds digit of 13856902?
9
What is the hundred thousands digit of 3223533?
2
What is the ten thousands digit of 282005?
8
What is the thousands digit of 9050948?
0
What is the tens digit of 2677021?
2
What is the thousands digit of 171358?
1
What is the millions digit of 1868707?
1
What is the hundred thousands digit of 187481?
1
What is the hundred thousands digit of 10402785?
4
What is the thousands digit of 2980963?
0
What is the hundred thousands digit of 7025966?
0
What is the hundreds digit of 2012003?
0
What is the hundred thousands digit of 4576742?
5
What is the thousands digit of 4772173?
2
What is the ten thousands digit of 1135871?
3
What is the ten thousands digit of 245434?
4
What is the hundred thousands digit of 616843?
6
What is the tens digit of 3981414?
1
What is the hundreds digit of 75448?
4
What is the millions digit of 1337677?
1
What is the ten thousands digit of 438063?
3
What is the thousands digit of 15053428?
3
What is the units digit of 1043708?
8
What is the hundred thousands digit of 1447128?
4
What is the hundred thousands digit of 434779?
4
What is the ten thousands digit of 242100?
4
What is the units digit of 17544834?
4
What is the millions digit of 15379600?
5
What is the ten thousands digit of 6585921?
8
What is the tens digit of 49141?
4
What is the hundred thousands digit of 198803?
1
What is the thousands digit of 6508987?
8
What is the thousands digit of 58278?
8
What is the ten thousands digit of 745312?
4
What is the ten thousands digit of 346235?
4
What is the tens digit of 318883?
8
What is the ten thousands digit of 1634485?
3
What is the hundreds digit of 6728684?
6
What is the units digit of 3512199?
9
What is the units digit of 24425521?
1
What is the hundred thousands digit of 2158419?
1
What is the tens digit of 350182?
8
What is the tens digit of 152199?
9
What is the thousands digit of 1597132?
7
What is the units digit of 347106?
6
What is the ten thousands digit of 318586?
1
What is the hundreds digit of 975958?
9
What is the ten thousands digit of 30531135?
3
What is the ten thousands digit of 305146?
0
What is the ten thousands digit of 2897599?
9
What is the hundred thousands digit of 197607?
1
What is the tens digit of 205868?
6
What is the hundreds digit of 472837?
8
What is the hundred thousands digit of 3583264?
5
What is the hundred thousands digit of 252436?
2
What is the tens digit of 295097?
9
What is the thousands digit of 31123781?
3
What is the tens digit of 784258?
5
What is the thousands digit of 16507122?
7
What is the hundreds digit of 3558835?
8
What is the tens digit of 228334?
3
What is the tens digit of 92970?
7
What is the thousands digit of 331389?
1
What is the hundreds digit of 221089?
0
What is the ten thousands digit of 148698?
4
What is the hundred thousands digit of 2128838?
1
What is the units digit of 22269983?
3
What is the hundred thousands digit of 2014496?
0
What is the hundred thousands digit of 5164127?
1
What is the ten thousands digit of 108310?
0
What is the hundreds digit of 16353926?
9
What is the hundreds digit of 2489593?
5
What is the tens digit of 971364?
6
What is the hundreds digit of 431855?
8
What is the tens digit of 5896725?
2
What is the hundreds digit of 2470934?
9
What is the millions digit of 1994968?
1
What is the ten thousands digit of 763836?
6
What is the hundreds digit of 176676?
6
What is the ten thousands digit of 486707?
8
What is the units digit of 5351760?
0
What is the ten thousands digit of 5127092?
2
What is the hundreds digit of 270375?
3
What is the hundreds digit of 40663041?
0
What is the tens digit of 55400?
0
What is the millions digit of 13197023?
3
What is the ten thousands digit of 304233?
0
What is the tens digit of 11119966?
6
What is the hundreds digit of 37779?
7
What is the thousands digit of 31909127?
9
What is the thousands digit of 1205?
1
What is the units digit of 344609?
9
What is the tens digit of 8314038?
3
What is the units digit of 57864?
4
What is the hundred thousands digit of 5280100?
2
What is the ten thousands digit of 10430329?
3
What is the thousands digit of 349260?
9
What is the units digit of 919480?
0
What is the ten thousands digit of 2107667?
0
What is the hundreds digit of 221137?
1
What is the hundreds digit of 87240?
2
What is the hundred thousands digit of 337114?
3
What is the ten thousands digit of 108554?
0
What is the hundred thousands digit of 5712750?
7
What is the hundreds digit of 3412812?
8
What is the units digit of 5932151?
1
What is the tens digit of 3018594?
9
What is the millions digit of 2969534?